{"id":2,"date":"2016-02-16T14:03:17","date_gmt":"2016-02-16T13:03:17","guid":{"rendered":"http:\/\/www.mediale-praxis.com\/wordpress\/?page_id=2"},"modified":"2025-07-17T22:34:05","modified_gmt":"2025-07-17T20:34:05","slug":"beispiel-seite","status":"publish","type":"page","link":"https:\/\/www.mediale-praxis.com\/","title":{"rendered":""},"content":{"rendered":"<p style=\"text-align: center;\">In meiner Medialen Praxis unterst\u00fctze ich Sie auf Ihrem Weg zur Selbstheilung, indem ich Sie zu sich selbst und Ihren Gef\u00fchlen hinf\u00fchre. Denn erst das Sich-Selbst-Erkennen aktiviert die Selbstheilung und macht auch bei langj\u00e4hrigen k\u00f6rperlichen und seelischen Schmerzen eine vollst\u00e4ndige Heilung m\u00f6glich. Seit vielen Jahren best\u00e4tigt mir die Arbeit mit meinen Klienten eines immer wieder:<\/p>\n<p style=\"text-align: center; color: #567ad2;\"><strong>Geht nicht &#8211; Gibt&#8217;s nicht!<\/strong><\/p>\n<p style=\"text-align: center; color: #567ad2;\">Lassen Sie Ihre \u00c4ngste und Ihren Schmerz hinter sich. Kommen Sie in Ihre Mitte zur\u00fcck.<\/p>\n<p style=\"text-align: center; color: #567ad2;\">Meistern Sie neue Herausforderungen und schwierige Lebenssituationen<br \/>\nund \u00f6ffnen Sie Ihr Feld f\u00fcr Freiheit, Erfolg, Gl\u00fcck, Gesundheit und liebevolle Beziehungen.<\/p>\n<p style=\"text-align: center; color: #567ad2;\">Ich begleite Sie.<\/p>\n<p style=\"text-align: center; color: #567ad2;\"><strong>Sprechen wir \u00fcber Ihre Geschichte &#8211; gern in einem kostenfreien telefonischen Erstgespr\u00e4ch. Rufen Sie mich an: 07141 \/ 373 6697.<\/strong><\/p>\n<p style=\"padding-left: 30px; text-align: center;\"><span style=\"text-decoration: underline;\">Wobei ich Ihnen helfen kann:<\/span><br \/>\nBurnout und Stresspr\u00e4vention<br \/>\nKonfliktl\u00f6sung<br \/>\nSchmerztherapie<br \/>\nTraumatherapie<br \/>\nHypnose<br \/>\nAufl\u00f6sung von \u00c4ngsten<br \/>\nEnergie- und Trauerarbeit<br \/>\nSinnfindung<br \/>\nVer\u00e4nderung und Neuausrichtung<\/p>\n<p style=\"padding-left: 30px; text-align: center;\"><span style=\"text-decoration: underline;\">Meine Qualifikationen:<\/span><br \/>\nIch bin mediale Heilerin und Hypnose Therapeutin, akkreditierte Journey-Praktitioner und habe Zusatzqualifikationen in den Bereichen: Burnout-Stresspr\u00e4vention, The Work nach Byron Katie, Konfliktl\u00f6sung, Angst- und Schmerzaufl\u00f6sung, Trauerbegleitung sowie Aufstellungen.<\/p>\n<p style=\"padding-left: 30px; text-align: center;\"><span style=\"text-decoration: underline;\">Preise:<\/span><br \/>\n90 \u20ac \/Stunde<\/p>\n<p style=\"text-align: center; color: #567ad2;\"><em>Die reinste Form des Wahnsinns ist es, alles beim Alten zu lassen<br \/>\nund gleichzeitig zu hoffen, dass sich was \u00e4ndert.<br \/>\n<\/em><em>Albert Einstein<br \/>\n<\/em><\/p>\n<p style=\"text-align: center;\">Ich freue mich, Sie kennenzulernen<\/p>\n<p style=\"text-align: center; color: #567ad2; font: 200% HW Stone;\">Ihre Gerda Lucic<\/p>\n","protected":false},"excerpt":{"rendered":"<p>In meiner Medialen Praxis unterst\u00fctze ich Sie auf Ihrem Weg zur Selbstheilung, indem ich Sie zu sich selbst und Ihren Gef\u00fchlen hinf\u00fchre. Denn erst das Sich-Selbst-Erkennen aktiviert die Selbstheilung und macht auch bei langj\u00e4hrigen k\u00f6rperlichen und seelischen Schmerzen eine vollst\u00e4ndige Heilung m\u00f6glich. Seit vielen Jahren best\u00e4tigt mir die Arbeit mit meinen Klienten eines immer wieder: &#8230; <span class=\"more\"><a class=\"more-link\" href=\"https:\/\/www.mediale-praxis.com\/\">[Read more&#8230;]<\/a><\/span><\/p>\n","protected":false},"author":1,"featured_media":15,"parent":0,"menu_order":0,"comment_status":"closed","ping_status":"open","template":"page-full-width.php","meta":[],"_links":{"self":[{"href":"https:\/\/www.mediale-praxis.com\/index.php\/wp-json\/wp\/v2\/pages\/2"}],"collection":[{"href":"https:\/\/www.mediale-praxis.com\/index.php\/wp-json\/wp\/v2\/pages"}],"about":[{"href":"https:\/\/www.mediale-praxis.com\/index.php\/wp-json\/wp\/v2\/types\/page"}],"author":[{"embeddable":true,"href":"https:\/\/www.mediale-praxis.com\/index.php\/wp-json\/wp\/v2\/users\/1"}],"replies":[{"embeddable":true,"href":"https:\/\/www.mediale-praxis.com\/index.php\/wp-json\/wp\/v2\/comments?post=2"}],"version-history":[{"count":88,"href":"https:\/\/www.mediale-praxis.com\/index.php\/wp-json\/wp\/v2\/pages\/2\/revisions"}],"predecessor-version":[{"id":194,"href":"https:\/\/www.mediale-praxis.com\/index.php\/wp-json\/wp\/v2\/pages\/2\/revisions\/194"}],"wp:featuredmedia":[{"embeddable":true,"href":"https:\/\/www.mediale-praxis.com\/index.php\/wp-json\/wp\/v2\/media\/15"}],"wp:attachment":[{"href":"https:\/\/www.mediale-praxis.com\/index.php\/wp-json\/wp\/v2\/media?parent=2"}],"curies":[{"name":"wp","href":"https:\/\/api.w.org\/{rel}","templated":true}]}}